{"id":678,"date":"2017-08-01T07:13:17","date_gmt":"2017-08-01T07:13:17","guid":{"rendered":"http:\/\/observadoresddhh.org\/2020\/?page_id=678"},"modified":"2018-03-05T08:48:43","modified_gmt":"2018-03-05T08:48:43","slug":"posts-grid","status":"publish","type":"page","link":"https:\/\/observadoresddhh.org\/2020\/posts-grid\/","title":{"rendered":"Posts Grid"},"content":{"rendered":"<body><p>[vc_section full_width=\u201dstretch_row\u201d css=\u201d.vc_custom_1520239650377{border-top-width: 1px !important;padding-top: 120px !important;padding-bottom: 120px !important;background-image: url(http:\/\/observadoresddhh.org\/2020\/wp-content\/uploads\/2018\/03\/bg-new.jpg?id=1282) !important;background-position: center !important;background-repeat: no-repeat !important;background-size: cover !important;border-top-color: #ededed !important;border-top-style: solid !important;}\u201d][vc_row 0=\u201d\u201d][vc_column 0=\u201d\u201d][vc_custom_heading text=\u201d<u>Posts Grid<\/u>.\u201d font_container=\u201dtag:h3|text_align:center|color:%23ffffff\u201d google_fonts=\u201dfont_family:Raleway%3A100%2C200%2C300%2Cregular%2C500%2C600%2C700%2C800%2C900|font_style:800%20bold%20regular%3A800%3Anormal\u201d custom_letter_spacing=\u201d-1px\u201d][\/vc_column][\/vc_row][\/vc_section][vc_section css=\u201d.vc_custom_1501495030266{padding-top: 55px !important;padding-bottom: 55px !important;}\u201d][vc_row 0=\u201d\u201d][vc_column 0=\u201d\u201d]<div  class=\"wpb_theme_custom_element wpb_posts_grid_resizable\">\n  <div class=\"vc-custom-inner-wrap\">\n    <div class=\"masonry-hybrid-wrap\" data-bears-masonryhybrid=\"{&quot;col&quot;:3,&quot;space&quot;:30,&quot;responsive&quot;:{&quot;860&quot;:{&quot;col&quot;:&quot;2&quot;},&quot;577&quot;:{&quot;col&quot;:&quot;1&quot;}}}\" data-bears-masonryhybrid-resize=\"{&quot;celHeight&quot;:420,&quot;grid_name&quot;:&quot;posts_grid_resizable_1501571648597-d48a0d22-6b4c&quot;,&quot;sizeMap&quot;:[[&quot;2&quot;,&quot;1&quot;],[&quot;1&quot;,&quot;1&quot;],[&quot;1&quot;,&quot;1&quot;],[&quot;1&quot;,&quot;1&quot;],[&quot;1&quot;,&quot;1&quot;]],&quot;resize&quot;:false}\" data-bears-lightgallery=\"{&quot;selector&quot;:&quot;.zoom-item&quot;,&quot;thumbnail&quot;:true}\">\n      <div class=\"grid-sizer\"><\/div>\n      <div class=\"gutter-sizer\"><\/div>\n      <div class=\"grid-item item-skin-post-default\"><div class=\"grid-item-inner\"><div class=\"background-image-backend\" style=\"background: url(https:\/\/observadoresddhh.org\/2020\/wp-content\/uploads\/2019\/07\/cidh-g-768x473.jpg) center center \/ cover, #333;\"><\/div><div class=\"entry-content\"><div class=\"post-term-list\"><a href=\"https:\/\/observadoresddhh.org\/2020\/category\/declaraciones\/\" rel=\"tag\">Declaraciones<\/a>,<a href=\"https:\/\/observadoresddhh.org\/2020\/category\/inicio\/\" rel=\"tag\">Inicio<\/a><\/div><a class=\"title-link\" href=\"https:\/\/observadoresddhh.org\/2020\/carta-denuncia-a-cidh\/\" title=\"Carta denuncia a CIDH\"><h4 class=\"title\">Carta denuncia a CIDH<\/h4><\/a><\/div><a class=\"readmore\" href=\"https:\/\/observadoresddhh.org\/2020\/carta-denuncia-a-cidh\/\" title=\"Carta denuncia a CIDH\"><span class=\"ion-ios-arrow-right\"><\/span><\/a><\/div><\/div><div class=\"grid-item item-skin-post-default\"><div class=\"grid-item-inner\"><div class=\"background-image-backend\" style=\"background: url(https:\/\/observadoresddhh.org\/2020\/wp-content\/uploads\/2019\/07\/nota-naciones-unidas-3-a-768x467.jpg) center center \/ cover, #333;\"><\/div><div class=\"entry-content\"><div class=\"post-term-list\"><a href=\"https:\/\/observadoresddhh.org\/2020\/category\/declaraciones\/\" rel=\"tag\">Declaraciones<\/a>,<a href=\"https:\/\/observadoresddhh.org\/2020\/category\/inicio\/\" rel=\"tag\">Inicio<\/a><\/div><a class=\"title-link\" href=\"https:\/\/observadoresddhh.org\/2020\/observaciones-a-respuesta-de-chile-a-epu-2019\/\" title=\"Observaciones a respuesta de Chile a EPU 2019\"><h4 class=\"title\">Observaciones a respuesta de Chile a EPU 2019<\/h4><\/a><\/div><a class=\"readmore\" href=\"https:\/\/observadoresddhh.org\/2020\/observaciones-a-respuesta-de-chile-a-epu-2019\/\" title=\"Observaciones a respuesta de Chile a EPU 2019\"><span class=\"ion-ios-arrow-right\"><\/span><\/a><\/div><\/div><div class=\"grid-item item-skin-post-default\"><div class=\"grid-item-inner\"><div class=\"background-image-backend\" style=\"background: url(https:\/\/observadoresddhh.org\/2020\/wp-content\/uploads\/2019\/03\/DSC07942-768x431.jpg) center center \/ cover, #333;\"><\/div><div class=\"entry-content\"><div class=\"post-term-list\"><a href=\"https:\/\/observadoresddhh.org\/2020\/category\/declaraciones\/\" rel=\"tag\">Declaraciones<\/a>,<a href=\"https:\/\/observadoresddhh.org\/2020\/category\/inicio\/\" rel=\"tag\">Inicio<\/a><\/div><a class=\"title-link\" href=\"https:\/\/observadoresddhh.org\/2020\/comunicado-por-intento-de-robo-en-casa-memoria-jose-domingo-canas\/\" title=\"Comunicado por Intento de Robo en Casa Memoria Jos\u00e9 Domingo Ca\u00f1as\"><h4 class=\"title\">Comunicado por Intento de Robo en Casa Memoria Jos\u00e9 Domingo Ca\u00f1as<\/h4><\/a><\/div><a class=\"readmore\" href=\"https:\/\/observadoresddhh.org\/2020\/comunicado-por-intento-de-robo-en-casa-memoria-jose-domingo-canas\/\" title=\"Comunicado por Intento de Robo en Casa Memoria Jos\u00e9 Domingo Ca\u00f1as\"><span class=\"ion-ios-arrow-right\"><\/span><\/a><\/div><\/div><div class=\"grid-item item-skin-post-default\"><div class=\"grid-item-inner\"><div class=\"background-image-backend\" style=\"background: url(https:\/\/observadoresddhh.org\/2020\/wp-content\/uploads\/2019\/01\/Villa_Grimaldi_3-768x576.jpg) center center \/ cover, #333;\"><\/div><div class=\"entry-content\"><div class=\"post-term-list\"><a href=\"https:\/\/observadoresddhh.org\/2020\/category\/declaraciones\/\" rel=\"tag\">Declaraciones<\/a>,<a href=\"https:\/\/observadoresddhh.org\/2020\/category\/inicio\/\" rel=\"tag\">Inicio<\/a><\/div><a class=\"title-link\" href=\"https:\/\/observadoresddhh.org\/2020\/la-red-de-sitios-de-memoria-latinoamericanos-y-caribenos-manifiesta-su-preocupacion-frente-a-nueva-agresion-del-movimiento-social-patriota-al-sitio-de-memoria-de-villa-grimaldi-en-chile\/\" title=\"La Red de Sitios de Memoria Latinoamericanos y Caribe\u00f1os manifiesta su preocupaci\u00f3n frente a nueva agresi\u00f3n del Movimiento Social Patriota al Sitio de Memoria de Villa Grimaldi en Chile.\"><h4 class=\"title\">La Red de Sitios de Memoria Latinoamericanos y Caribe\u00f1os manifiesta su preocupaci\u00f3n frente a nueva agresi\u00f3n del Movimiento Social Patriota al Sitio de Memoria de Villa Grimaldi en Chile.<\/h4><\/a><\/div><a class=\"readmore\" href=\"https:\/\/observadoresddhh.org\/2020\/la-red-de-sitios-de-memoria-latinoamericanos-y-caribenos-manifiesta-su-preocupacion-frente-a-nueva-agresion-del-movimiento-social-patriota-al-sitio-de-memoria-de-villa-grimaldi-en-chile\/\" title=\"La Red de Sitios de Memoria Latinoamericanos y Caribe\u00f1os manifiesta su preocupaci\u00f3n frente a nueva agresi\u00f3n del Movimiento Social Patriota al Sitio de Memoria de Villa Grimaldi en Chile.\"><span class=\"ion-ios-arrow-right\"><\/span><\/a><\/div><\/div><div class=\"grid-item item-skin-post-default\"><div class=\"grid-item-inner\"><div class=\"background-image-backend\" style=\"background: url(https:\/\/observadoresddhh.org\/2020\/wp-content\/themes\/alone\/assets\/images\/image-default-2.jpg) center center \/ cover, #333;\"><\/div><div class=\"entry-content\"><div class=\"post-term-list\"><a href=\"https:\/\/observadoresddhh.org\/2020\/category\/declaraciones\/\" rel=\"tag\">Declaraciones<\/a>,<a href=\"https:\/\/observadoresddhh.org\/2020\/category\/inicio\/\" rel=\"tag\">Inicio<\/a><\/div><a class=\"title-link\" href=\"https:\/\/observadoresddhh.org\/2020\/informe-de-mision-de-observacion-marcha-de-estudiantes-fecha-19-de-abril-2018\/\" title=\"Informe de misi\u00f3n de observaci\u00f3n Marcha de Estudiantes 19 de abril 2018\"><h4 class=\"title\">Informe de misi\u00f3n de observaci\u00f3n Marcha de Estudiantes 19 de abril 2018<\/h4><\/a><\/div><a class=\"readmore\" href=\"https:\/\/observadoresddhh.org\/2020\/informe-de-mision-de-observacion-marcha-de-estudiantes-fecha-19-de-abril-2018\/\" title=\"Informe de misi\u00f3n de observaci\u00f3n Marcha de Estudiantes 19 de abril 2018\"><span class=\"ion-ios-arrow-right\"><\/span><\/a><\/div><\/div><div class=\"grid-item item-skin-post-default\"><div class=\"grid-item-inner\"><div class=\"background-image-backend\" style=\"background: url(https:\/\/observadoresddhh.org\/2020\/wp-content\/themes\/alone\/assets\/images\/image-default-2.jpg) center center \/ cover, #333;\"><\/div><div class=\"entry-content\"><div class=\"post-term-list\"><a href=\"https:\/\/observadoresddhh.org\/2020\/category\/declaraciones\/\" rel=\"tag\">Declaraciones<\/a>,<a href=\"https:\/\/observadoresddhh.org\/2020\/category\/inicio\/\" rel=\"tag\">Inicio<\/a><\/div><a class=\"title-link\" href=\"https:\/\/observadoresddhh.org\/2020\/informe-de-mision-de-observacion-desalojos-e-ingreso-de-efectivos-de-fuerzas-especiales-de-carabineros-en-liceos-de-la-comuna-de-santiago-de-chile-abrilmayo-2018\/\" title=\"INFORME DE MISION DE OBSERVACI\u00d3N DESALOJOS E INGRESO DE EFECTIVOS DE FUERZAS ESPECIALES DE CARABINEROS EN LICEOS DE LA COMUNA DE SANTIAGO DE CHILE ABRIL\/MAYO 2018\"><h4 class=\"title\">INFORME DE MISION DE OBSERVACI\u00d3N DESALOJOS E INGRESO DE EFECTIVOS DE FUERZAS ESPECIALES DE CARABINEROS EN LICEOS DE LA COMUNA DE SANTIAGO DE CHILE ABRIL\/MAYO 2018<\/h4><\/a><\/div><a class=\"readmore\" href=\"https:\/\/observadoresddhh.org\/2020\/informe-de-mision-de-observacion-desalojos-e-ingreso-de-efectivos-de-fuerzas-especiales-de-carabineros-en-liceos-de-la-comuna-de-santiago-de-chile-abrilmayo-2018\/\" title=\"INFORME DE MISION DE OBSERVACI\u00d3N DESALOJOS E INGRESO DE EFECTIVOS DE FUERZAS ESPECIALES DE CARABINEROS EN LICEOS DE LA COMUNA DE SANTIAGO DE CHILE ABRIL\/MAYO 2018\"><span class=\"ion-ios-arrow-right\"><\/span><\/a><\/div><\/div><div class=\"grid-item item-skin-post-default\"><div class=\"grid-item-inner\"><div class=\"background-image-backend\" style=\"background: url(https:\/\/observadoresddhh.org\/2020\/wp-content\/themes\/alone\/assets\/images\/image-default-2.jpg) center center \/ cover, #333;\"><\/div><div class=\"entry-content\"><div class=\"post-term-list\"><a href=\"https:\/\/observadoresddhh.org\/2020\/category\/declaraciones\/\" rel=\"tag\">Declaraciones<\/a>,<a href=\"https:\/\/observadoresddhh.org\/2020\/category\/inicio\/\" rel=\"tag\">Inicio<\/a><\/div><a class=\"title-link\" href=\"https:\/\/observadoresddhh.org\/2020\/comision-de-observadores-de-ddhh-de-la-casa-memoria-jose-domingo-canas-publica-informe-de-marcha-de-estudiantes-secundarios-realizada-el-5-de-abril-del-2018\/\" title=\"Comisi\u00f3n de Observadores de DDHH  de la Casa Memoria Jos\u00e9 Domingo Ca\u00f1as publica Informe de Marcha de estudiantes secundarios realizada el 5 de abril del 2018\"><h4 class=\"title\">Comisi\u00f3n de Observadores de DDHH  de la Casa Memoria Jos\u00e9 Domingo Ca\u00f1as publica Informe de Marcha de estudiantes secundarios realizada el 5 de abril del 2018<\/h4><\/a><\/div><a class=\"readmore\" href=\"https:\/\/observadoresddhh.org\/2020\/comision-de-observadores-de-ddhh-de-la-casa-memoria-jose-domingo-canas-publica-informe-de-marcha-de-estudiantes-secundarios-realizada-el-5-de-abril-del-2018\/\" title=\"Comisi\u00f3n de Observadores de DDHH  de la Casa Memoria Jos\u00e9 Domingo Ca\u00f1as publica Informe de Marcha de estudiantes secundarios realizada el 5 de abril del 2018\"><span class=\"ion-ios-arrow-right\"><\/span><\/a><\/div><\/div><div class=\"grid-item item-skin-post-default\"><div class=\"grid-item-inner\"><div class=\"background-image-backend\" style=\"background: url(https:\/\/observadoresddhh.org\/2020\/wp-content\/themes\/alone\/assets\/images\/image-default-2.jpg) center center \/ cover, #333;\"><\/div><div class=\"entry-content\"><div class=\"post-term-list\"><a href=\"https:\/\/observadoresddhh.org\/2020\/category\/declaraciones\/\" rel=\"tag\">Declaraciones<\/a>,<a href=\"https:\/\/observadoresddhh.org\/2020\/category\/inicio\/\" rel=\"tag\">Inicio<\/a><\/div><a class=\"title-link\" href=\"https:\/\/observadoresddhh.org\/2020\/observadores-de-ddhh-llaman-a-expresar-apoyo-al-machi-celestino-cordova\/\" title=\"Observadores de DDHH llaman a expresar apoyo al Machi Celestino C\u00f3rdova\"><h4 class=\"title\">Observadores de DDHH llaman a expresar apoyo al Machi Celestino C\u00f3rdova<\/h4><\/a><\/div><a class=\"readmore\" href=\"https:\/\/observadoresddhh.org\/2020\/observadores-de-ddhh-llaman-a-expresar-apoyo-al-machi-celestino-cordova\/\" title=\"Observadores de DDHH llaman a expresar apoyo al Machi Celestino C\u00f3rdova\"><span class=\"ion-ios-arrow-right\"><\/span><\/a><\/div><\/div><div class=\"grid-item item-skin-post-default\"><div class=\"grid-item-inner\"><div class=\"background-image-backend\" style=\"background: url(https:\/\/observadoresddhh.org\/2020\/wp-content\/themes\/alone\/assets\/images\/image-default-2.jpg) center center \/ cover, #333;\"><\/div><div class=\"entry-content\"><div class=\"post-term-list\"><a href=\"https:\/\/observadoresddhh.org\/2020\/category\/declaraciones\/\" rel=\"tag\">Declaraciones<\/a>,<a href=\"https:\/\/observadoresddhh.org\/2020\/category\/inicio\/\" rel=\"tag\">Inicio<\/a><\/div><a class=\"title-link\" href=\"https:\/\/observadoresddhh.org\/2020\/primer-encuentro-programa-jovenes-derechos-humanos-y-memoria\/\" title=\"Primer Encuentro Programa \u201cJ\u00f3venes, Derechos Humanos y Memoria\u201d\"><h4 class=\"title\">Primer Encuentro Programa \u201cJ\u00f3venes, Derechos Humanos y Memoria\u201d<\/h4><\/a><\/div><a class=\"readmore\" href=\"https:\/\/observadoresddhh.org\/2020\/primer-encuentro-programa-jovenes-derechos-humanos-y-memoria\/\" title=\"Primer Encuentro Programa \u201cJ\u00f3venes, Derechos Humanos y Memoria\u201d\"><span class=\"ion-ios-arrow-right\"><\/span><\/a><\/div><\/div>    <\/div>\n  <\/div>\n<\/div>\n[\/vc_column][\/vc_row][\/vc_section]<\/p>\n<\/body>","protected":false},"excerpt":{"rendered":"<p>[vc_section full_width=\u201dstretch_row\u201d css=\u201d.vc_custom_1520239650377{border-top-width: 1px !important;padding-top: 120px !important;padding-bottom: 120px !important;background-image: url(http:\/\/observadoresddhh.org\/2020\/wp-content\/uploads\/2018\/03\/bg-new.jpg?id=1282) !important;background-position: center !important;background-repeat: no-repeat !important;background-size: cover !important;border-top-color: #ededed !important;border-top-style: solid&hellip;<\/p>\n","protected":false},"author":1,"featured_media":0,"parent":0,"menu_order":0,"comment_status":"closed","ping_status":"closed","template":"visual-builder-template.php","meta":{"give_campaign_id":0,"om_disable_all_campaigns":false,"_monsterinsights_skip_tracking":false,"_monsterinsights_sitenote_active":false,"_monsterinsights_sitenote_note":"","_monsterinsights_sitenote_category":0,"footnotes":""},"class_list":["post-678","page","type-page","status-publish","hentry"],"campaignId":"","_links":{"self":[{"href":"https:\/\/observadoresddhh.org\/2020\/wp-json\/wp\/v2\/pages\/678","targetHints":{"allow":["GET"]}}],"collection":[{"href":"https:\/\/observadoresddhh.org\/2020\/wp-json\/wp\/v2\/pages"}],"about":[{"href":"https:\/\/observadoresddhh.org\/2020\/wp-json\/wp\/v2\/types\/page"}],"author":[{"embeddable":true,"href":"https:\/\/observadoresddhh.org\/2020\/wp-json\/wp\/v2\/users\/1"}],"replies":[{"embeddable":true,"href":"https:\/\/observadoresddhh.org\/2020\/wp-json\/wp\/v2\/comments?post=678"}],"version-history":[{"count":0,"href":"https:\/\/observadoresddhh.org\/2020\/wp-json\/wp\/v2\/pages\/678\/revisions"}],"wp:attachment":[{"href":"https:\/\/observadoresddhh.org\/2020\/wp-json\/wp\/v2\/media?parent=678"}],"curies":[{"name":"wp","href":"https:\/\/api.w.org\/{rel}","templated":true}]}}